{"id":281,"date":"2014-09-11T16:51:24","date_gmt":"2014-09-11T15:51:24","guid":{"rendered":"http:\/\/www.kiosquesdumonde.net\/wordpress\/?page_id=281"},"modified":"2018-03-26T15:04:17","modified_gmt":"2018-03-26T14:04:17","slug":"jean-pierre-gattegno-1944-la-nuit-du-professeur","status":"publish","type":"page","link":"https:\/\/www.kiosquesdumonde.net\/wordpress\/litterature\/jean-pierre-gattegno-1944-la-nuit-du-professeur\/","title":{"rendered":"Jean-Pierre Gatt\u00e9gno (1944-&#8230;) : La Nuit du professeur"},"content":{"rendered":"<div style=\"width: 910px; border: 3px solid #BFF0C3; padding: 50px 25px 50px 25px;\">\n<p style=\"text-align: justify;\"><em>La nuit du professeur raconte les tribulations d\u2019un professeur de lettres \u00e0 qui une m\u00e8re d\u2019\u00e9l\u00e8ve propose de participer \u00e0 un hold-up. Andr\u00e9 Jefferson, las d\u2019enseigner la litt\u00e9rature \u00e0 des \u00e9l\u00e8ves indisciplin\u00e9s, accepte et sera entra\u00een\u00e9 dans une aventure qui le d\u00e9passe, mais son destin le rattrapera. C\u2019est \u00e0 c\u00f4t\u00e9 du kiosque \u00e0 musique du square de Clignancourt \u00e0 Paris que se d\u00e9noue le drame.<\/em><\/p>\n<p style=\"text-align: justify;\">\u2026Ils prirent le m\u00e9tro en direction de la porte Dauphine. Je montai dans le m\u00eame wagon qu&rsquo;eux. Une foule importante nous s\u00e9parait, ils ne me virent pas. C&rsquo;\u00e9tait sur cette ligne qu&rsquo;ils m&rsquo;avaient pourchass\u00e9 la veille mais la situation avait chang\u00e9. Cette fois, le suiveur c&rsquo;\u00e9tait moi. A Barb\u00e8s, ils chang\u00e8rent en direction de la porte de Clignancourt et descendirent trois stations plus loin, \u00e0 Simplon. [\u2026].<\/p>\n<p style=\"text-align: justify;\">Ils emprunt\u00e8rent la rue Joseph-Dijon, pass\u00e8rent devant un magasin de vid\u00e9o et tourn\u00e8rent dans le square Clignancourt. C&rsquo;\u00e9tait une rue calme qui se prolongeait, une centaine de m\u00e8tres plus loin, par une petite place au milieu de laquelle on apercevait un square. Au d\u00e9but de la rue se trouvait un h\u00f4tel de tourisme. Ils y entr\u00e8rent. [\u2026]<br \/>\nNe sachant que faire, j&rsquo;allai attendre dans une brasserie, \u00e0 c\u00f4t\u00e9 de l&rsquo;h\u00f4tel. On ne pouvait y entrer, ni en sortir sans que je le visse.<br \/>\nUne heure se passa ainsi. J&rsquo;en \u00e9tais \u00e0 mon troisi\u00e8me caf\u00e9 et rien ne s&rsquo;\u00e9tait encore produit. Une autre heure s&rsquo;\u00e9coula sans qu&rsquo;il y e\u00fbt davantage de mouvement. Vers neuf heures, je commen\u00e7ai \u00e0 m&rsquo;inqui\u00e9ter. Et s&rsquo;ils \u00e9taient partis ? je sortis m&rsquo;en assurer. La lumi\u00e8re qui brillait au deuxi\u00e8me \u00e9tage me rassura. Ils \u00e9taient toujours l\u00e0.<br \/>\nJe retournai \u00e0 la brasserie et commandai un d\u00eener que je payai \u00e0 l&rsquo;avance en cas de d\u00e9part pr\u00e9cipit\u00e9. La nuit \u00e9tait maintenant tomb\u00e9e. [\u2026]<\/p>\n<p style=\"text-align: justify;\">Ce fut vers dix heures qu&rsquo;ils quitt\u00e8rent l&rsquo;h\u00f4tel. Je les vis remonter la rue en direction du square. Ils avan\u00e7aient de leur pas tranquille. On aurait dit deux retrait\u00e9s faisant leur promenade nocturne.<br \/>\nAbandonnant mon d\u00eener, je me lan\u00e7ai \u00e0 leur poursuite. Il n&rsquo;y avait personne d&rsquo;autre dans la rue, et je laissai une certaine distance entre eux et moi. Cette pr\u00e9caution s&rsquo;av\u00e9ra inutile, pas une seule fois ils ne se retourn\u00e8rent.<br \/>\nNous d\u00e9bouch\u00e2mes sur une place en forme d&rsquo;\u00e9querre. Au centre se trouvait le square ferm\u00e9 par des grilles. Il \u00e9tait entour\u00e9 d&rsquo;immeubles en pierre de taille, d&rsquo;aspect cossu. Quelques fen\u00eatres \u00e9taient allum\u00e9es mais, dans l&rsquo;ensemble, c&rsquo;\u00e9taient le calme et la respectabilit\u00e9 bourgeoise qui dominaient. (..)Les deux hommes long\u00e8rent le square jusqu&rsquo;\u00e0 une petite porte grillag\u00e9e qu&rsquo;ils pouss\u00e8rent doucement. Elle s&rsquo;ouvrit en \u00e9mettant un l\u00e9ger grincement, et ils entr\u00e8rent.<br \/>\nJe les suivis.<br \/>\n<a href=\"https:\/\/www.kiosquesdumonde.net\/wordpress\/wp-content\/uploads\/2014\/09\/Paris-r.18.1.05.jpg\"><img loading=\"lazy\" decoding=\"async\" class=\"aligncenter wp-image-277 size-full\" src=\"https:\/\/www.kiosquesdumonde.net\/wordpress\/wp-content\/uploads\/2014\/09\/Paris-r.18.1.05-e1416134505730.jpg\" alt=\"paris clignancourt\" width=\"625\" height=\"469\" \/><\/a><a href=\"http:\/\/www.kiosquesdumonde.net\/coppermine\/displayimage.php?album=24&amp;pos=167\" target=\"_blank\" rel=\"noopener\"><em> le kiosque du square de Clignancourt<\/em><\/a><\/p>\n<p style=\"text-align: justify;\">Apr\u00e8s avoir contourn\u00e9 un kiosque \u00e0 musique, ils se dirig\u00e8rent vers le fond du square. Assis sur un banc domin\u00e9 par un imposant c\u00e9drelier dont les branches se projetaient vers le ciel, quelqu&rsquo;un attendait, sans aucun doute, Sonia. A c\u00f4t\u00e9 d&rsquo;elle \u00e9tait pos\u00e9 un sac de grandes dimensions.<br \/>\nJe me dissimulai derri\u00e8re le kiosque de fa\u00e7on \u00e0 ne rien perdre de la sc\u00e8ne.<br \/>\nLes deux hommes s&rsquo;approch\u00e8rent du banc, j&rsquo;entendis le plus petit dire<br \/>\n&#8211; Le travail est termin\u00e9. Voici la cl\u00e9, vous avez l&rsquo;argent ?<br \/>\n&#8211; Oui.<br \/>\nLa r\u00e9ponse avait \u00e9t\u00e9 trop br\u00e8ve pour qu&rsquo;on p\u00fbt identifier la voix. N\u00e9anmoins, je crus reconna\u00eetre une voix de femme.<br \/>\nBrusquement, plusieurs d\u00e9tonations claqu\u00e8rent, fauchant les deux hommes sur place. [\u2026]<br \/>\nElle se pencha sur l&rsquo;un des deux corps et chercha quelque chose, sans doute la cl\u00e9 dont avait parl\u00e9 le plus petit. Puis elle se dirigea vers le kiosque sans me voir et continua son chemin vers l&rsquo;entr\u00e9e grillag\u00e9e\u2026<\/p>\n<h4>GATTEGNO, Jean-Pierre , <em>La Nuit du professeur<\/em>, Calmann-L\u00e9vy, 1994, 239 p. (ISBN 2-7021-2311-2)<\/h4>\n<\/div>\n","protected":false},"excerpt":{"rendered":"<p>La nuit du professeur raconte les tribulations d\u2019un professeur de lettres \u00e0 qui une m\u00e8re d\u2019\u00e9l\u00e8ve propose de participer \u00e0 un hold-up. Andr\u00e9 Jefferson, las d\u2019enseigner la litt\u00e9rature \u00e0 des \u00e9l\u00e8ves indisciplin\u00e9s, accepte et sera entra\u00een\u00e9 dans une aventure qui le d\u00e9passe, mais son destin le rattrapera. C\u2019est \u00e0 c\u00f4t\u00e9 du kiosque \u00e0 musique du [&hellip;]<\/p>\n","protected":false},"author":1,"featured_media":0,"parent":70,"menu_order":10,"comment_status":"closed","ping_status":"closed","template":"page-templates\/full-width.php","meta":{"footnotes":""},"class_list":["post-281","page","type-page","status-publish","hentry"],"_links":{"self":[{"href":"https:\/\/www.kiosquesdumonde.net\/wordpress\/wp-json\/wp\/v2\/pages\/281","targetHints":{"allow":["GET"]}}],"collection":[{"href":"https:\/\/www.kiosquesdumonde.net\/wordpress\/wp-json\/wp\/v2\/pages"}],"about":[{"href":"https:\/\/www.kiosquesdumonde.net\/wordpress\/wp-json\/wp\/v2\/types\/page"}],"author":[{"embeddable":true,"href":"https:\/\/www.kiosquesdumonde.net\/wordpress\/wp-json\/wp\/v2\/users\/1"}],"replies":[{"embeddable":true,"href":"https:\/\/www.kiosquesdumonde.net\/wordpress\/wp-json\/wp\/v2\/comments?post=281"}],"version-history":[{"count":14,"href":"https:\/\/www.kiosquesdumonde.net\/wordpress\/wp-json\/wp\/v2\/pages\/281\/revisions"}],"predecessor-version":[{"id":5551,"href":"https:\/\/www.kiosquesdumonde.net\/wordpress\/wp-json\/wp\/v2\/pages\/281\/revisions\/5551"}],"up":[{"embeddable":true,"href":"https:\/\/www.kiosquesdumonde.net\/wordpress\/wp-json\/wp\/v2\/pages\/70"}],"wp:attachment":[{"href":"https:\/\/www.kiosquesdumonde.net\/wordpress\/wp-json\/wp\/v2\/media?parent=281"}],"curies":[{"name":"wp","href":"https:\/\/api.w.org\/{rel}","templated":true}]}}