{"id":446,"date":"2014-09-17T14:01:56","date_gmt":"2014-09-17T13:01:56","guid":{"rendered":"http:\/\/www.kiosquesdumonde.net\/wordpress\/?page_id=446"},"modified":"2018-11-04T10:49:56","modified_gmt":"2018-11-04T09:49:56","slug":"georges-simenon-1903-1989-maigret-a-vichy","status":"publish","type":"page","link":"https:\/\/www.kiosquesdumonde.net\/wordpress\/litterature\/georges-simenon-1903-1989-maigret-a-vichy\/","title":{"rendered":"Georges Simenon (1903-1989) : Maigret \u00e0 Vichy"},"content":{"rendered":"<div style=\"width: 910px; border: 3px solid #bff0c3; padding: 50px 25px; text-align: justify;\"><em>A Vichy, le kiosque de la Source de l\u2019H\u00f4pital, construit en 1902, offrait chaque jour en saison un programme musical vari\u00e9 pour les curistes des Thermes.<br \/>\nA la Belle \u00c9poque, toute une vie sociale existe autour du kiosque pour les curistes d\u00e9s\u0153uvr\u00e9s r\u00e9unis pour quelques jours, le temps de la cure: on se prom\u00e8ne, on \u00e9coute l\u2019orchestre, l\u2019atmosph\u00e8re de la ville d\u2019eau est propice aux rencontres.<br \/>\nGeorges Simenon le comprend tr\u00e8s bien lorsqu\u2019il situe l\u2019intrigue de son roman \u00e0 Vichy. Voici la sc\u00e8ne o\u00f9 le c\u00e9l\u00e8bre commissaire Maigret rencontre la future victime pr\u00e8s du kiosque.<\/em><a href=\"http:\/\/www.kiosquesdumonde.net\/coppermine\/displayimage.php?album=17&amp;pos=26\"><img loading=\"lazy\" decoding=\"async\" class=\"aligncenter wp-image-482 size-full\" src=\"https:\/\/www.kiosquesdumonde.net\/wordpress\/wp-content\/uploads\/2014\/09\/Vichy-H\u00f4pital-11-e1416155348291.jpg\" alt=\"\" width=\"625\" height=\"415\" \/><\/a><a href=\"http:\/\/www.kiosquesdumonde.net\/coppermine\/displayimage.php?album=17&amp;pid=1379#top_display_media\" target=\"_blank\" rel=\"noopener\"><em>le kiosque de Vichy <\/em><\/a>&nbsp;<\/p>\n<p>[\u2026] D&rsquo;un instant \u00e0 l&rsquo;autre, la musique allait \u00e9clater. Dans le kiosque aux colonnes gr\u00eales, aux ornements tarabiscot\u00e9s, les musiciens en uniforme \u00e9taient pr\u00eats \u00e0 emboucher leurs instruments de cuivre, l\u2019\u0153il fix\u00e9 sur le chef d&rsquo;orchestre. \u00c9tait-ce la fanfare des pompiers, les employ\u00e9s municipaux ? Ils avaient autant de galons et de dorures que des g\u00e9n\u00e9raux sud-am\u00e9ricains, des pattes d&rsquo;\u00e9paules rouge sang, des baudriers blancs.<br \/>\nDes centaines, des milliers, semblait-il, de chaises de fer peintes en jaune entouraient le kiosque, en cercles de plus en plus larges, et sur presque toutes des gens \u00e9taient assis, des hommes et des femmes, qui attendaient gravement en silence.<br \/>\nDans une ou deux minutes, \u00e0 neuf heures, le concert commencerait sous les grands arbres du parc. La soir\u00e9e \u00e9tait presque fra\u00eeche, apr\u00e8s une journ\u00e9e lourde, et la brise faisait bruisser doucement le feuillage tandis que les rangs de cand\u00e9labres aux globes laiteux mettaient dans la verdure sombre, des taches d&rsquo;un vert plus clair.[\u2026] C&rsquo;\u00e9tait un peu irr\u00e9el. Le casino \u00e9tait illumin\u00e9, blanc et surcharg\u00e9 de moulures \u00e0 la mode de 1900. A certains moments on pouvait croire que le cours du temps s&rsquo;\u00e9tait arr\u00eat\u00e9, jusqu&rsquo;\u00e0 ce que s&rsquo;\u00e9l\u00e8ve un bruit de klaxon du c\u00f4t\u00e9 de la rue Georges-Clemenceau.<br \/>\n&#8211; Elle est l\u00e0&#8230; chuchota Mme Maigret avec un mouvement du menton.[\u2026]<br \/>\n&#8211; Elle porte son ch\u00e2le blanc&#8230;[\u2026] Celle-l\u00e0, ils auraient pu l&rsquo;appeler la dame en mauve, ou plut\u00f4t la dame en lilas, car il y avait toujours du lilas dans sa toilette. Ce soir, elle avait d\u00fb arriver en retard et elle n&rsquo;avait trouv\u00e9 une chaise que dans les derniers rangs.<br \/>\nLa veille, elle offrait un spectacle \u00e0 la fois inattendu et touchant. Les Maigret \u00e9taient pass\u00e9s pr\u00e8s du kiosque d\u00e8s huit heures du soir, une heure avant le concert. Les petites chaises jaunes formaient des cercles si r\u00e9guliers qu&rsquo;ils auraient pu avoir \u00e9t\u00e9 trac\u00e9s au compas.<br \/>\nToutes ces chaises \u00e9taient inoccup\u00e9es, sauf une au premier rang, o\u00f9 la dame en lilas \u00e9tait assise. Elle ne lisait pas \u00e0 la lueur du plus proche cand\u00e9labre. Elle ne tricotait pas. Elle ne faisait rien, ne montrait aucune impatience. Tr\u00e8s droite, les deux mains \u00e0 plat sur son giron, elle restait immobile, regardant droit devant elle, comme une personne distingu\u00e9e.[\u2026] &#8211; Cela doit \u00eatre une vieille fille, tu ne crois pas ?<br \/>\nMaigret \u00e9vitait de se prononcer. Il n&rsquo;enqu\u00eatait pas, ne suivait aucune piste. Rien ne l&rsquo;obligeait \u00e0 observer les gens et \u00e0 s&rsquo;efforcer de d\u00e9couvrir leur v\u00e9rit\u00e9.<br \/>\nIl le faisait malgr\u00e9 lui, par-ci par-l\u00e0, parce que c&rsquo;\u00e9tait devenu machinal. Il lui arrivait de s&rsquo;int\u00e9resser sans raison \u00e0 un promeneur dont il essayait de deviner la profession, la situation de famille, le genre de vie quand il n&rsquo;\u00e9tait pas en cure&#8230;<br \/>\nLa dame en lilas faisait partie de ce qu&rsquo;on aurait pu appeler le cercle d&rsquo;intimes de Maigret, de ceux qu&rsquo;il avait rep\u00e9r\u00e9s d\u00e8s le d\u00e9but et qui l&rsquo;intriguaient. [&#8230;]<br \/>\n&#8211; Je ne pense pas qu&rsquo;elle ait jamais v\u00e9cu avec un homme&#8230; dit-il au moment o\u00f9 la musique \u00e9clatait dans le kiosque&#8230;<br \/>\n&#8211; Nous faisons le tour ?<br \/>\nIls n&rsquo;\u00e9taient pas l\u00e0 pour \u00e9couter la musique. Cela faisait simplement partie de leur routine de passer \u00e0 ce moment pr\u00e8s du kiosque, o\u00f9 il n&rsquo;y avait d&rsquo;ailleurs pas de la musique tous les jours.<\/p>\n<h4>SIMENON, Georges, <em>Maigret \u00e0 Vichy<\/em>, Paris, Presses de la Cit\u00e9, 1968, 184 p. (ISBN 2\u2013253\u201314216\u20136)<\/h4>\n<\/div>\n","protected":false},"excerpt":{"rendered":"<p>A Vichy, le kiosque de la Source de l\u2019H\u00f4pital, construit en 1902, offrait chaque jour en saison un programme musical vari\u00e9 pour les curistes des Thermes. A la Belle \u00c9poque, toute une vie sociale existe autour du kiosque pour les curistes d\u00e9s\u0153uvr\u00e9s r\u00e9unis pour quelques jours, le temps de la cure: on se prom\u00e8ne, on [&hellip;]<\/p>\n","protected":false},"author":1,"featured_media":0,"parent":70,"menu_order":33,"comment_status":"closed","ping_status":"closed","template":"page-templates\/full-width.php","meta":{"footnotes":""},"class_list":["post-446","page","type-page","status-publish","hentry"],"_links":{"self":[{"href":"https:\/\/www.kiosquesdumonde.net\/wordpress\/wp-json\/wp\/v2\/pages\/446","targetHints":{"allow":["GET"]}}],"collection":[{"href":"https:\/\/www.kiosquesdumonde.net\/wordpress\/wp-json\/wp\/v2\/pages"}],"about":[{"href":"https:\/\/www.kiosquesdumonde.net\/wordpress\/wp-json\/wp\/v2\/types\/page"}],"author":[{"embeddable":true,"href":"https:\/\/www.kiosquesdumonde.net\/wordpress\/wp-json\/wp\/v2\/users\/1"}],"replies":[{"embeddable":true,"href":"https:\/\/www.kiosquesdumonde.net\/wordpress\/wp-json\/wp\/v2\/comments?post=446"}],"version-history":[{"count":25,"href":"https:\/\/www.kiosquesdumonde.net\/wordpress\/wp-json\/wp\/v2\/pages\/446\/revisions"}],"predecessor-version":[{"id":5831,"href":"https:\/\/www.kiosquesdumonde.net\/wordpress\/wp-json\/wp\/v2\/pages\/446\/revisions\/5831"}],"up":[{"embeddable":true,"href":"https:\/\/www.kiosquesdumonde.net\/wordpress\/wp-json\/wp\/v2\/pages\/70"}],"wp:attachment":[{"href":"https:\/\/www.kiosquesdumonde.net\/wordpress\/wp-json\/wp\/v2\/media?parent=446"}],"curies":[{"name":"wp","href":"https:\/\/api.w.org\/{rel}","templated":true}]}}